remainder when 2766454 is divided by 91.
54
Calculate the remainder when 198146 is divided by 8242.
338
What is the remainder when 5122158 is divided by 31?
28
Calculate the remainder when 1565110 is divided by 373.
2
What is the remainder when 126229 is divided by 20987?
307
What is the remainder when 1494364 is divided by 404?
372
Calculate the remainder when 2939239 is divided by 94804.
315
Calculate the remainder when 38276 is divided by 640.
516
What is the remainder when 11974047 is divided by 15?
12
What is the remainder when 1126997 is divided by 375580?
257
What is the remainder when 13437464 is divided by 13896?
32
Calculate the remainder when 98089 is divided by 286.
277
What is the remainder when 613056 is divided by 322?
290
What is the remainder when 756938 is divided by 32837?
1687
Calculate the remainder when 2584065 is divided by 159.
156
Calculate the remainder when 2820846 is divided by 2002.
28
Calculate the remainder when 394176 is divided by 10945.
156
What is the remainder when 11529566 is divided by 159?
158
Calculate the remainder when 3470 is divided by 421.
102
Calculate the remainder when 4503674 is divided by 1348.
6
What is the remainder when 471859 is divided by 3908?
2899
Calculate the remainder when 12863702 is divided by 84076.
74
What is the remainder when 21742648 is divided by 70593?
4
What is the remainder when 13345612 is divided by 953238?
280
Calculate the remainder when 2246467 is divided by 25241.
18
What is the remainder when 92929 is divided by 1513?
636
Calculate the remainder when 9078524 is divided by 4539230.
64
Calculate the remainder when 531959 is divided by 8579.
61
Calculate the remainder when 4130196 is divided by 594.
114
What is the remainder when 1896628 is divided by 111499?
1145
Calculate the remainder when 7162251 is divided by 18.
15
Calculate the remainder when 293143 is divided by 491.
16
Calculate the remainder when 10077792 is divided by 1365.
1362
Calculate the remainder when 78469 is divided by 2736.
1861
Calculate the remainder when 7889 is divided by 3493.
903
What is the remainder when 27352833 is divided by 5231?
5165
Calculate the remainder when 92744 is divided by 45514.
1716
Calculate the remainder when 3049457 is divided by 493.
252
What is the remainder when 287410 is divided by 57410?
360
Calculate the remainder when 1423765 is divided by 3.
1
What is the remainder when 1457260270 is divided by 4476?
4474
What is the remainder when 8135320 is divided by 26?
24
Calculate the remainder when 78632 is divided by 1048.
32
Calculate the remainder when 6876469 is divided by 473.
468
Calculate the remainder when 28742 is divided by 1547.
896
Calculate the remainder when 6577627 is divided by 14393.
26
What is the remainder when 17071076 is divided by 36?
20
What is the remainder when 5539117 is divided by 10?
7
What is the remainder when 10304 is divided by 1656?
368
Calculate the remainder when 2062638 is divided by 187.
28
What is the remainder when 21792273 is divided by 44?
41
What is the remainder when 2727944 is divided by 2727851?
93
What is the remainder when 90887839 is divided by 10?
9
Calculate the remainder when 49229890 is divided by 26.
8
Calculate the remainder when 1552606 is divided by 645.
91
Calculate the remainder when 253051 is divided by 631.
20
What is the remainder when 6062281 is divided by 123720?
1
Calculate the remainder when 139825 is divided by 9975.
175
What is the remainder when 11164706 is divided by 6182?
14
What is the remainder when 1050497 is divided by 61778?
271
Calculate the remainder when 3944 is divided by 1695.
554
What is the remainder when 105216 is divided by 252?
132
Calculate the remainder when 16971769 is divided by 4.
1
What is the remainder when 116001 is divided by 38646?
63
Calculate the remainder when 185794 is divided by 61906.
76
What is the remainder when 127604 is divided by 2601?
155
Calculate the remainder when 5638070 is divided by 1879352.
14
What is the remainder when 5916463 is divided by 7826?
7
What is the remainder when 172561 is divided by 8215?
46
Calculate the remainder when 575084 is divided by 190584.
3332
Calculate the remainder when 3815038 is divided by 8348.
2
Calculate the remainder when 48669996 is divided by 1106136.
12
What is the remainder when 111131 is divided by 109068?
2063
Calculate the remainder when 7342648 is divided by 1223720.
328
What is the remainder when 157042386 is divided by 461?
431
What is the remainder when 1534319 is divided by 45?
44
What is the remainder when 3006571 is divided by 28634?
1
What is the remainder when 1269392 is divided by 8?
0
Calculate the remainder when 12766031 is divided by 309.
5
Calculate the remainder when 15313 is divided by 5102.
7
Calculate the remainder when 1325541 is divided by 37.
16
Calculate the remainder when 83730054 is divided by 1707.
1704
Calculate the remainder when 1179462 is divided by 9513.
9363
What is the remainder when 3691748 is divided by 194284?
352
Calculate the remainder when 4013963 is divided by 2.
1
What is the remainder when 555039 is divided by 55492?
119
What is the remainder when 52639 is divided by 484?
367
What is the remainder when 212708 is divided by 2045?
28
What is the remainder when 485227868 is divided by 3336?
3332
Calculate the remainder when 21271440 is divided by 322293.
102
Calculate the remainder when 1445284 is divided by 43.
11
Calculate the remainder when 19940926 is divided by 286.
148
Calculate the remainder when 11629170 is divided by 1661308.
14
What is the remainder when 54974 is divided by 191?
157
Calculate the remainder when 88277 is divided by 374.
13
What is the remainder when 5676523 is divided by 143?
138
What is the remainder when 210217 is divided by 15801?
4804
What is the remainder when 859114 is divided by 237?
226
Calculate the remainder when 11511607 is divided by 677152.
23
Calculate the remainder when 583680 is divided by 22441.
214
Calculate the remainder when 79730418 is divided by 70.
68
Calculate the remainder when 15486610 is divided by 5162198.
16
Calculate the remainder when 941057 is divided by 80.
17
What is the remainder when 5155 is divided by 594?
403
What is the remainder when 3235826 is divided by 824?
802
Calculate the remainder when 936278 is divided by 936062.
216
Calculate the remainder when 72547718 is divided by 280107.
5
Calculate the remainder when 789090 is divided by 1541.
98
What is the remainder when 3079898 is divided by 513296?
122
Calculate the remainder when 54039 is divided by 23745.
6549
Calculate the remainder when 3515216317 is divided by 1120.
1117
Calculate the remainder when 84785 is divided by 41485.
1815
What is the remainder when 279971 is divided by 14681?
1032
What is the remainder when 18247033 is divided by 156?
25
What is the remainder when 14075631 is divided by 1279597?
64
What is the remainder when 35316 is divided by 17599?
118
What is the remainder when 187225 is divided by 91084?
5057
Calculate the remainder when 392206 is divided by 2167.
2146
Calculate the remainder when 9266899 is divided by 926689.
9
Calculate the remainder when 4805512 is divided by 1708.
908
Calculate the remainder when 52235 is divided by 1135.
25
Calculate the remainder when 3410828 is divided by 2963.
415
What is the remainder when 9818082 is divided by 577531?
55
Calculate the remainder when 1048283 is divided by 9111.
518
What is the remainder when 2054044 is divided by 1881?
1873
What is the remainder when 155562 is divided by 77679?
204
Calculate the remainder when 1321827 is divided by 627.
111
What is the remainder when 9098369 is divided by 1819673?
4
Calculate the remainder when 63838 is divided by 1357.
59
Calculate the remainder when 25682337 is divided by 1305.
1242
What is the remainder when 1969774 is divided by 3562?
3550
What is the remainder when 10061977 is divided by 447?
7
What is the remainder when 144657 is divided by 3707?
84
Calculate the remainder when 7982799 is divided by 173539.
5
Calculate the remainder when 1880320 is divided by 313332.
328
Calculate the remainder when 97844 is divided by 31623.
2975
What is the remainder when 133730 is divided by 7587?
4751
What is the remainder when 188896 is divided by 346?
326
Calcula